{"id":592,"date":"2019-03-17T16:44:59","date_gmt":"2019-03-17T16:44:59","guid":{"rendered":"http:\/\/logpack.gbts.mx\/?page_id=592"},"modified":"2020-02-11T17:50:14","modified_gmt":"2020-02-11T17:50:14","slug":"nosotros","status":"publish","type":"page","link":"https:\/\/web.logp.com.mx\/?page_id=592","title":{"rendered":"Nosotros"},"content":{"rendered":"<p>[vc_row full_width=&#8221;stretch_row_content&#8221; equal_height=&#8221;yes&#8221; content_placement=&#8221;middle&#8221; bg_type=&#8221;bg_color&#8221;][vc_column width=&#8221;1\/2&#8243; css=&#8221;.vc_custom_1552843963789{background-color: #de492b !important;}&#8221;][vc_single_image image=&#8221;589&#8243; img_size=&#8221;full&#8221; css=&#8221;.vc_custom_1552844042874{padding-top: 60px !important;padding-right: 60px !important;padding-bottom: 60px !important;padding-left: 60px !important;}&#8221;][\/vc_column][vc_column width=&#8221;1\/2&#8243; css=&#8221;.vc_custom_1552842816018{padding-top: 50px !important;padding-right: 50px !important;padding-bottom: 50px !important;padding-left: 50px !important;background-color: #f2f2f2 !important;}&#8221;]<div id=\"ultimate-heading-898469f538be96a30\" class=\"uvc-heading ult-adjust-bottom-margin ultimate-heading-898469f538be96a30 uvc-1745 \" data-hspacer=\"no_spacer\"  data-halign=\"left\" style=\"text-align:left\"><div class=\"uvc-heading-spacer no_spacer\" style=\"top\"><\/div><div class=\"uvc-main-heading ult-responsive\"  data-ultimate-target='.uvc-heading.ultimate-heading-898469f538be96a30 h3'  data-responsive-json-new='{\"font-size\":\"desktop:30px;\",\"line-height\":\"desktop:40px;\"}' ><h3 style=\"font-family:&#039;Raleway&#039;;font-weight:bold;margin-bottom:20px;\">ACERCA DE NOSOTROS<\/h3><\/div><\/div>[vc_row_inner css=&#8221;.vc_custom_1558469432350{margin-bottom: 30px !important;border-top-width: 0px !important;border-right-width: 20px !important;border-bottom-width: 0px !important;border-left-width: 0px !important;padding-top: 20px !important;padding-right: 0px !important;padding-bottom: 20px !important;padding-left: 20px !important;background-color: #ffffff !important;border-radius: 5px !important;}&#8221;][vc_column_inner]<div id=\"ultimate-heading-155569f538be96a91\" class=\"uvc-heading ult-adjust-bottom-margin ultimate-heading-155569f538be96a91 uvc-3491 \" data-hspacer=\"no_spacer\"  data-halign=\"left\" style=\"text-align:left\"><div class=\"uvc-heading-spacer no_spacer\" style=\"top\"><\/div><div class=\"uvc-main-heading ult-responsive\"  data-ultimate-target='.uvc-heading.ultimate-heading-155569f538be96a91 h2'  data-responsive-json-new='{\"font-size\":\"desktop:20px;\",\"line-height\":\"\"}' ><h2 style=\"font-weight:bold;\">MISI\u00d3N<\/h2><\/div><\/div>[vc_column_text]Somos una Empresa Mexicana, comprometida a brindar un servicio de calidad, dedicada al servicio de recolecci\u00f3n, distribuci\u00f3n y entrega de paqueter\u00eda a trav\u00e9s de nuestro equipo humano, transporte y convenios estrat\u00e9gicos, enfocada a la satisfacci\u00f3n de nuestros clientes y colaboradores a trav\u00e9s del servicio oportuno, honestidad y buen trato, cumpliendo con la normatividad vigente.[\/vc_column_text][\/vc_column_inner][\/vc_row_inner][vc_row_inner css=&#8221;.vc_custom_1558469449563{margin-bottom: 30px !important;border-top-width: 0px !important;border-right-width: 0px !important;border-bottom-width: 0px !important;border-left-width: 0px !important;padding-top: 20px !important;padding-right: 20px !important;padding-bottom: 20px !important;padding-left: 20px !important;background-color: #ffffff !important;border-radius: 5px !important;}&#8221;][vc_column_inner]<div id=\"ultimate-heading-196569f538be96ab7\" class=\"uvc-heading ult-adjust-bottom-margin ultimate-heading-196569f538be96ab7 uvc-5007 \" data-hspacer=\"no_spacer\"  data-halign=\"left\" style=\"text-align:left\"><div class=\"uvc-heading-spacer no_spacer\" style=\"top\"><\/div><div class=\"uvc-main-heading ult-responsive\"  data-ultimate-target='.uvc-heading.ultimate-heading-196569f538be96ab7 h2'  data-responsive-json-new='{\"font-size\":\"desktop:20px;\",\"line-height\":\"\"}' ><h2 style=\"font-weight:bold;\">VISI\u00d3N<\/h2><\/div><\/div>[vc_column_text]Generar, desarrollar y operar bajo un modelo de negocio vers\u00e1til que nos permita especializarnos en los procesos clave de generaci\u00f3n de valor: brindando servicios de calidad y\u00a0 siendo una compa\u00f1\u00eda con calidez humana, congruente con su filosof\u00eda y reconocida por su excelencia, de manera que seamos la mejor opci\u00f3n en mensajer\u00eda y\u00a0paqueter\u00eda.[\/vc_column_text][\/vc_column_inner][\/vc_row_inner][\/vc_column][\/vc_row][vc_row full_width=&#8221;stretch_row&#8221; parallax=&#8221;content-moving&#8221; bg_type=&#8221;bg_color&#8221; bg_color_value=&#8221;#f2f2f2&#8243; css=&#8221;.vc_custom_1558973582921{margin-top: 0px !important;padding-top: 0px !important;padding-bottom: 60px !important;}&#8221;][vc_column]<div id=\"ultimate-heading-384369f538be96ad9\" class=\"uvc-heading ult-adjust-bottom-margin ultimate-heading-384369f538be96ad9 uvc-3277 \" data-hspacer=\"no_spacer\"  data-halign=\"center\" style=\"text-align:center\"><div class=\"uvc-heading-spacer no_spacer\" style=\"top\"><\/div><div class=\"uvc-main-heading ult-responsive\"  data-ultimate-target='.uvc-heading.ultimate-heading-384369f538be96ad9 h2'  data-responsive-json-new='{\"font-size\":\"desktop:20px;\",\"line-height\":\"\"}' ><h2 style=\"font-weight:bold;margin-bottom:30px;\">VALORES<\/h2><\/div><\/div>[vc_row_inner][vc_column_inner width=&#8221;1\/3&#8243;]<div class=\"ult-just-icon-wrapper  \"><div class=\"align-icon\" style=\"text-align:center;\">\n<div class=\"aio-icon-img \" style=\"font-size:48px;background:#ffffff;border-style:solid;border-color:#de492b;border-width:3px;padding:24px;border-radius:500px;display:inline-block;\" data-animation=\"fadeInUp\" data-animation-delay=\"03\">\n\t<img decoding=\"async\" class=\"img-icon\" alt=\"null\" src=\"https:\/\/web.logp.com.mx\/wp-content\/uploads\/2019\/05\/Integridad_Mesa-de-trabajo-1.png\"\/>\n<\/div><\/div><\/div><div id=\"ultimate-heading-986369f538be96e1e\" class=\"uvc-heading ult-adjust-bottom-margin ultimate-heading-986369f538be96e1e uvc-7935 \" data-hspacer=\"no_spacer\"  data-halign=\"center\" style=\"text-align:center\"><div class=\"uvc-heading-spacer no_spacer\" style=\"top\"><\/div><div class=\"uvc-main-heading ult-responsive\"  data-ultimate-target='.uvc-heading.ultimate-heading-986369f538be96e1e h4'  data-responsive-json-new='{\"font-size\":\"\",\"line-height\":\"\"}' ><h4 style=\"font-weight:bold;margin-top:28px;margin-bottom:20px;\">Integridad<\/h4><\/div><div class=\"uvc-sub-heading ult-responsive\"  data-ultimate-target='.uvc-heading.ultimate-heading-986369f538be96e1e .uvc-sub-heading '  data-responsive-json-new='{\"font-size\":\"desktop:14px;\",\"line-height\":\"desktop:28px;\"}'  style=\"font-weight:normal;\">Es la capacidad que tenemos en <strong>Logpack<\/strong>de actuar con honestidad y ser congruente entre las palabras, decisiones y acciones en funci\u00f3n de la br\u00fajula moral, de valor o de creencias.<\/div><\/div>[\/vc_column_inner][vc_column_inner width=&#8221;1\/3&#8243;]<div class=\"ult-just-icon-wrapper  \"><div class=\"align-icon\" style=\"text-align:center;\">\n<div class=\"aio-icon-img \" style=\"font-size:48px;background:#ffffff;border-style:solid;border-color:#de492b;border-width:3px;padding:24px;border-radius:500px;display:inline-block;\" data-animation=\"fadeInUp\" data-animation-delay=\"03\">\n\t<img decoding=\"async\" class=\"img-icon\" alt=\"null\" src=\"https:\/\/web.logp.com.mx\/wp-content\/uploads\/2019\/05\/compromiso2_Mesa-de-trabajo-1.png\"\/>\n<\/div><\/div><\/div><div id=\"ultimate-heading-257969f538be96fdd\" class=\"uvc-heading ult-adjust-bottom-margin ultimate-heading-257969f538be96fdd uvc-6796 \" data-hspacer=\"no_spacer\"  data-halign=\"center\" style=\"text-align:center\"><div class=\"uvc-heading-spacer no_spacer\" style=\"top\"><\/div><div class=\"uvc-main-heading ult-responsive\"  data-ultimate-target='.uvc-heading.ultimate-heading-257969f538be96fdd h4'  data-responsive-json-new='{\"font-size\":\"\",\"line-height\":\"\"}' ><h4 style=\"font-weight:bold;margin-top:28px;margin-bottom:20px;\">Compromiso<\/h4><\/div><div class=\"uvc-sub-heading ult-responsive\"  data-ultimate-target='.uvc-heading.ultimate-heading-257969f538be96fdd .uvc-sub-heading '  data-responsive-json-new='{\"font-size\":\"desktop:14px;\",\"line-height\":\"desktop:28px;\"}'  style=\"font-weight:normal;\">Para <strong>Logpack<\/strong>el compromiso tiene que ver con la libertad personal empe\u00f1ada en una direcci\u00f3n concreta, para lograr determinados resultados.<\/div><\/div>[\/vc_column_inner][vc_column_inner width=&#8221;1\/3&#8243;]<div class=\"ult-just-icon-wrapper  \"><div class=\"align-icon\" style=\"text-align:center;\">\n<div class=\"aio-icon-img \" style=\"font-size:48px;background:#ffffff;border-style:solid;border-color:#de492b;border-width:3px;padding:24px;border-radius:500px;display:inline-block;\" data-animation=\"fadeInUp\" data-animation-delay=\"03\">\n\t<img decoding=\"async\" class=\"img-icon\" alt=\"null\" src=\"https:\/\/web.logp.com.mx\/wp-content\/uploads\/2019\/05\/calidad.png\"\/>\n<\/div><\/div><\/div><div id=\"ultimate-heading-381069f538be97198\" class=\"uvc-heading ult-adjust-bottom-margin ultimate-heading-381069f538be97198 uvc-4910 \" data-hspacer=\"no_spacer\"  data-halign=\"center\" style=\"text-align:center\"><div class=\"uvc-heading-spacer no_spacer\" style=\"top\"><\/div><div class=\"uvc-main-heading ult-responsive\"  data-ultimate-target='.uvc-heading.ultimate-heading-381069f538be97198 h4'  data-responsive-json-new='{\"font-size\":\"\",\"line-height\":\"\"}' ><h4 style=\"font-weight:bold;margin-top:28px;margin-bottom:20px;\">Calidad de servicio<\/h4><\/div><div class=\"uvc-sub-heading ult-responsive\"  data-ultimate-target='.uvc-heading.ultimate-heading-381069f538be97198 .uvc-sub-heading '  data-responsive-json-new='{\"font-size\":\"desktop:14px;\",\"line-height\":\"desktop:28px;\"}'  style=\"font-weight:normal;\">Porque el objetivo principal de la empresa es brindar servicios de mensajer\u00eda y paqueter\u00eda\u00a0 que satisfagan plenamente sus necesidades.<\/div><\/div>[\/vc_column_inner][\/vc_row_inner][\/vc_column][\/vc_row][vc_row bg_type=&#8221;image&#8221; parallax_style=&#8221;vcpb-default&#8221; bg_image_new=&#8221;id^1372|url^https:\/\/logp.gbls.com.mx\/wp-content\/uploads\/2019\/05\/unnamed-5.jpg|caption^null|alt^null|title^unnamed-5|description^null&#8221; bg_image_repeat=&#8221;no-repeat&#8221; bg_override=&#8221;ex-full&#8221; enable_overlay=&#8221;enable_overlay_value&#8221; overlay_color=&#8221;rgba(48,48,48,0.39)&#8221; type=&#8221;vc_default&#8221; css=&#8221;.vc_custom_1558977413963{margin-bottom: 0px !important;padding-top: 90px !important;padding-bottom: 90px !important;}&#8221;][vc_column width=&#8221;2\/3&#8243; offset=&#8221;vc_col-lg-offset-2 vc_col-md-offset-2 vc_col-sm-offset-2&#8243;]<div id=\"ultimate-heading-620569f538be971c8\" class=\"uvc-heading ult-adjust-bottom-margin ultimate-heading-620569f538be971c8 uvc-3259 \" data-hspacer=\"no_spacer\"  data-halign=\"center\" style=\"text-align:center\"><div class=\"uvc-heading-spacer no_spacer\" style=\"top\"><\/div><div class=\"uvc-main-heading ult-responsive\"  data-ultimate-target='.uvc-heading.ultimate-heading-620569f538be971c8 h2'  data-responsive-json-new='{\"font-size\":\"desktop:30px;\",\"line-height\":\"desktop:40px;\"}' ><h2 style=\"font-weight:bold;color:#ffffff;margin-bottom:20px;\">CONT\u00c1CTANOS<\/h2><\/div><\/div><style type=\"text\/css\" data-type=\"the7_shortcodes-inline-css\">#default-btn-340b6399979dad4b3c96101b3caa35e8 > i {\n  font-size: 11px;\n}\n#default-btn-340b6399979dad4b3c96101b3caa35e8 * {\n  vertical-align: middle;\n}\n<\/style><div class=\"btn-align-center\"><a href=\"https:\/\/logp.gbls.com.mx\/?page_id=1212\" class=\"default-btn-shortcode dt-btn dt-btn-l \" id=\"default-btn-340b6399979dad4b3c96101b3caa35e8\"><span>Escr\u00edbenos<\/span><\/a><\/div>[\/vc_column][\/vc_row]<\/p>\n","protected":false},"excerpt":{"rendered":"<p>[vc_row full_width=&#8221;stretch_row_content&#8221; equal_height=&#8221;yes&#8221; content_placement=&#8221;middle&#8221; bg_type=&#8221;bg_color&#8221;][vc_column width=&#8221;1\/2&#8243; css=&#8221;.vc_custom_1552843963789{background-color: #de492b !important;}&#8221;][vc_single_image image=&#8221;589&#8243; img_size=&#8221;full&#8221; css=&#8221;.vc_custom_1552844042874{padding-top: 60px !important;padding-right: 60px !important;padding-bottom: 60px !important;padding-left: 60px !important;}&#8221;][\/vc_column][vc_column width=&#8221;1\/2&#8243; css=&#8221;.vc_custom_1552842816018{padding-top: 50px !important;padding-right: 50px !important;padding-bottom: 50px !important;padding-left: 50px !important;background-color: #f2f2f2 !important;}&#8221;][vc_row_inner css=&#8221;.vc_custom_1558469432350{margin-bottom: 30px !important;border-top-width: 0px !important;border-right-width: 20px !important;border-bottom-width: 0px !important;border-left-width: 0px !important;padding-top: 20px !important;padding-right: 0px !important;padding-bottom: 20px !important;padding-left: 20px !important;background-color: #ffffff !important;border-radius: 5px !important;}&#8221;][vc_column_inner][vc_column_text]Somos&hellip;<\/p>\n","protected":false},"author":1,"featured_media":0,"parent":0,"menu_order":0,"comment_status":"closed","ping_status":"closed","template":"","meta":[],"class_list":["post-592","page","type-page","status-publish","hentry","description-off"],"_links":{"self":[{"href":"https:\/\/web.logp.com.mx\/index.php?rest_route=\/wp\/v2\/pages\/592","targetHints":{"allow":["GET"]}}],"collection":[{"href":"https:\/\/web.logp.com.mx\/index.php?rest_route=\/wp\/v2\/pages"}],"about":[{"href":"https:\/\/web.logp.com.mx\/index.php?rest_route=\/wp\/v2\/types\/page"}],"author":[{"embeddable":true,"href":"https:\/\/web.logp.com.mx\/index.php?rest_route=\/wp\/v2\/users\/1"}],"replies":[{"embeddable":true,"href":"https:\/\/web.logp.com.mx\/index.php?rest_route=%2Fwp%2Fv2%2Fcomments&post=592"}],"version-history":[{"count":44,"href":"https:\/\/web.logp.com.mx\/index.php?rest_route=\/wp\/v2\/pages\/592\/revisions"}],"predecessor-version":[{"id":1404,"href":"https:\/\/web.logp.com.mx\/index.php?rest_route=\/wp\/v2\/pages\/592\/revisions\/1404"}],"wp:attachment":[{"href":"https:\/\/web.logp.com.mx\/index.php?rest_route=%2Fwp%2Fv2%2Fmedia&parent=592"}],"curies":[{"name":"wp","href":"https:\/\/api.w.org\/{rel}","templated":true}]}}